e second derivative of -o**5/20 - o**4/3 + o**3/6 - o**2 + 29*o. Let h be (6/8)/((-1)/4). What is n(h)?
-14
Let n(a) = -5 + 0*a - a + 2. Suppose -4*o + 2*o - 12 = 0. Give n(o).
3
Let u(s) = s**3 - 5*s**2 + s - 7. Let p(i) = -5*i + 2. Let q be p(-7). Let k = 53 - q. Suppose -3 = -l - 2*f, 0 + k = 3*l - f. Calculate u(l).
-2
Let j(m) = 7*m**2 - m - 1. Let n be j(-1). Let z(q) = -6*q - 1. Let t(p) = 11*p + 2. Let o(r) = n*z(r) + 4*t(r). Let f be 1 + 1 + (2 - 2). Give o(f).
5
Let d(b) = 77*b + 1. Let f be d(1). Let s(z) = -z + f - 78 - z**2. What is s(0)?
0
Let v(i) be the first derivative of -i**4/4 - 5*i**3/3 - 5*i - 130. Suppose 5 = -2*o + 5*j, -o - j + 3 - 2 = 0. Suppose o = 2*w + 10. Give v(w).
-5
Let f = -12 + 24. Suppose 2*w + 2*y + f = 0, -5*w + 0*y = -2*y + 2. Let c(t) = t**2 - t + 6. Let z(d) = -1. Let x(a) = -c(a) - 6*z(a). Calculate x(w).
-6
Let u(a) = a**2 - a - 2. Let i be 2 - (0 - (-1)/1). Let v be 0/(0 - (0 - i)). Determine u(v).
-2
Suppose -b + 0 = 7. Let m(z) = -z**3 - 6*z**2 + 5*z - 9. Let i be m(b). Let y(k) = k - 4. Give y(i).
1
Let n be 0 + (3 - 5) - 2/2. Let x(o) = 2*o + 4. What is x(n)?
-2
Suppose -p + 7 = s, 5*p - s - 19 = 2*s. Suppose -5*d = -2*l, l - 8 + 3 = 0. Let i(q) = q + d*q - 4*q. What is i(p)?
-5
Let d = -16 + 16. Let n(s) = -s**3 - 13. What is n(d)?
-13
Let p(d) = -4*d**2 - 1 + 2*d + 3*d - 2*d**2 + d**3. Suppose -4*x = 16, -4*m = -m - 5*x - 41. Suppose -25 = 2*z - m*z. What is p(z)?
-1
Suppose 4*p + 1 = -3*z - 2, 4*p = 2*z - 18. Let w(r) = -r**2 - 4*r + z*r - 5 + 2*r. Suppose -3*d + 2*f + 0 - 4 = 0, 0 = -2*f + 4. Determine w(d).
-5
Let v(z) = 5*z - 1. Let w be v(-2). Let m = w - -6. Let b(p) = -6*p**2 + p**3 - 4 - 2*p**3 + 242*p - 247*p. Determine b(m).
-4
Let r(h) be the first derivative of 1/4*h**4 - 7*h + 5 - 7/2*h**2 + 4/3*h**3. Calculate r(-5).
3
Let m(y) = y**3 + 34*y**2 - 37*y - 76. Let s be m(-35). Let j(x) = -x**3 - 5*x**2 + 6*x + 7. What is j(s)?
7
Suppose 10 = -3*w - d + 32, -d = -5*w + 26. Let b(i) = -w + 5*i - 2 - i**2 + 3. Calculate b(4).
-1
Let b(w) = -w**3 + 24*w + 1 - 4*w**2 - 18*w - 1. Give b(-5).
-5
Let q = -54 - -113/2. Let a(j) be the first derivative of 1 - j - q*j**2. Give a(1).
-6
Let t(w) = -10*w. Suppose 5*x = -25, 3*m + 2*x = -2 - 5. Give t(m).
-10
Suppose 2*l - 33 = 15. Suppose -k - 3*k + l = 4*a, k + 12 = 5*a. Let f(q) = -q**2 + 3*q + 3. What is f(a)?
3
Let u(f) = -9*f - 11. Let o(p) = 5*p + 6. Let j = 2 + 5. Let v(g) = j*o(g) + 4*u(g). Let m be (18/(-4))/9*-8. Calculate v(m).
-6
Let y(o) = o**2 + 5*o - 4. Let s(m) = m**3 + 3*m**2 - 5*m + 1. Let j be s(-4). Suppose -4*p = -3*l - 15, j*l + p + 19 = -6. What is y(l)?
-4
Let o(j) = -10*j + j**2 + 19*j - 5*j - 7. Calculate o(-7).
14
Let s(h) = h**3 + 4*h**2 + h - 3. Let n = 25 + -22. Suppose -4*c + 4 = -q + 16, n*c = -q - 16. Determine s(c).
-7
Suppose -45 = 5*h - 15. Let u(t) = -t + 5. Calculate u(h).
11
Let h(b) = -12*b. Let c be (-1)/(-5) - 8/(-10). Calculate h(c).
-12
Suppose -1 = 2*x - 5. Let d(c) be the second derivative of -c**7/1260 + c**6/720 + c**4/12 + c. Let z(w) be the third derivative of d(w). Calculate z(x).
-6
Suppose 0*g = 4*g + 12, -4*z = 3*g + 53. Let p = z + 8. Let a(n) = -3 - 4*n**2 - 4*n + 3*n**2 + 2*n**2 + n**3. Give a(p).
-9
Let g(d) = 8*d**2 - 16*d + 3. Let j(i) = -7*i**2 + 15*i - 3. Let v(u) = -6*g(u) - 7*j(u). Calculate v(7).
-11
Let v(t) be the second derivative of -t**4/12 + t**3 + 2*t**2 - 19*t. Let c(w) = 2*w**3 - 3*w**2 + 2*w - 3. Let h be c(2). Determine v(h).
9
Let o(n) = -3*n**2 + 8*n - 2. Let j(x) = 2*x**2 - 7*x + 1. Let m = -3 + 6. Let k(v) = m*o(v) + 4*j(v). Calculate k(-2).
2
Let p be 12/(-6)*(-3)/(-2). Let t(h) = h + 1. Calculate t(p).
-2
Let k(b) = 2*b - 9. Let h be k(6). Let a(g) = 2*g**3 - 3*g**2 - 2*g - 1. Let m(o) = o**3 - o**2 - o + 1. Let x(n) = h*m(n) - a(n). Determine x(0).
4
Let v(c) = -c**2. Suppose -46 = -2*o - 42. Calculate v(o).
-4
Let r(c) be the second derivative of 1/6*c**4 + 4*c + 1/2*c**3 + 0 + 0*c**2 - 1/40*c**5 + 1/360*c**6. Let f(b) be the second derivative of r(b). Give f(3).
4
Let i(r) = -r + 1. Suppose -5*q - 18 = -3*q. Let x be (-2)/(((-24)/q)/4). Calculate i(x).
4
Let c(v) = v**2 - 2*v**2 - 1 + 3 - v. Let a(q) = q**3 + 15*q**2 - 15*q + 16. Let s be a(-16). Determine c(s).
2
Let s(d) = 6*d**2 + d + 1. Let r be s(-1). Let q(m) = 8*m + 7. Let x(n) = 17*n + 15. Let z(a) = r*x(a) - 13*q(a). Let w = -6 - -7. Give z(w).
-3
Let b(r) = r**3 - 2*r**2 + r + 4. Let l(k) be the third derivative of k**6/60 - k**5/20 + k**4/12 + k**3/2 + 5*k**2. Let c(z) = 3*b(z) - 2*l(z). Calculate c(0).
6
Let j = -7 + 12. Let q(k) be the second derivative of -k**5/20 + 5*k**4/12 - k**3/3 + 5*k**2/2 + 5*k. Calculate q(j).
-5
Let c(d) = -7*d**2 - 17*d + 14. Let w(h) = 4*h**2 + 9*h - 7. Let r(l) = -3*c(l) - 5*w(l). Calculate r(-8).
9
Let m = -2 + 2. Let f be (-10)/(-3) + 5/(-15). Let s(r) = -r**2 + 6 + r + 2 - f - r**3. Calculate s(m).
5
Let s(g) = -g**2 + g - 9. Let f(z) = z**2 + 8*z + 12. Let a be f(-6). Give s(a).
-9
Suppose p - 6 = -5*g, -3*g = 4*p - 4*g - 3. Let z(i) = 8*i - 6*i**2 - 3*i - i**2. Let s(h) = 10*h**2 - 7*h. Let v(w) = 5*s(w) + 7*z(w). Determine v(p).
1
Let j be (-22)/(-5) - (-2)/(-5). Let u(w) = -w**2 + 2*w + 2. Let p be u(j). Let v(x) = x + 4. Determine v(p).
-2
Let f be 0 - -1 - 4/(-2). Let b(n) be the first derivative of n**5/120 - n**4/24 + 4*n**3/3 - 4. Let x(r) be the third derivative of b(r). Determine x(f).
2
Let q(x) = -5*x**3 + 8*x**2 + x + 8. Let o(g) = 4*g**3 - 7*g**2 - 7. Let k(v) = -6*o(v) - 5*q(v). Give k(-4).
-10
Let h(y) = -y**3 - 2*y + 2. Let u = 23 - 21. Determine h(u).
-10
Let c = 6 - 1. Let h be (2/3)/((-6)/(-27)). Let q(m) = 3 - 6*m**2 + m**3 + h*m - 3 + 6. Give q(c).
-4
Let u(m) = -7*m**2 - m - 3. Let t(c) = -6*c**2 - 2. Let d(i) = 6*t(i) - 5*u(i). Determine d(5).
3
Suppose -3 = -2*s - 1. Let k(v) = -8*v + 5*v - s - 4. Calculate k(-4).
7
Let k = 25 - 31. Let g(i) = -i**2 - 8*i + 1. Give g(k).
13
Suppose 50*y - 44*y = 18. Let c(d) be the second derivative of -1/12*d**4 - d**3 - 3/2*d**2 - y*d + 0. Determine c(-6).
-3
Let w(p) = -2 - 13 - 7*p + 3 + p**2. What is w(9)?
6
Let f(a) be the second derivative of -a**4/4 - a**3/6 - a**2/2 + 3*a. Give f(-1).
-3
Let k(d) = 2*d**2 + d + 2. Suppose -4*y - 7 = 17. Let b be 32/(-12) + (-4)/y. Determine k(b).
8
Let i(q) = 3*q - 13. Let v(a) = a - 4. Let g(o) = -3*i(o) + 8*v(o). What is g(6)?
1
Let t(m) = -m**3 + 2*m**2 - m - 2. Suppose 0 = 5*w + c + 1 + 3, 0 = -2*w - 4*c - 16. Suppose w = -5*r + r + 8. Give t(r).
-4
Let k(q) = -q**2 + 7*q + 10. Let p be k(9). Let m = 11 + p. Suppose -m*t + 2 + 4 = 0. Let z(v) = -2*v**3 + 3*v**2 - 2*v + 2. What is z(t)?
-6
Let n be 1*-4 + 96/32. Let x = -1 + 1. Let y be n*(x - 3/(-3)). Let q(v) = -5*v**3 - v**2 + v + 1. What is q(y)?
4
Let h(d) be the first derivative of d**4/4 + d**3/3 - d + 3. Let c(f) = f**3 - 4*f**2 - 4*f - 7. Suppose 2*w - 5 = 5. Let i be c(w). Calculate h(i).
-5
Let q(t) = 2*t - 5. Let u(i) = 2*i - 19. Let p(n) = 5*n - 39. Let d(h) = 3*p(h) - 7*u(h). Let x be d(-10). Determine q(x).
7
Suppose -10 = n + 4*n. Let z(g) be the third derivative of g**4/12 - g**3/3 - 10*g**2. Calculate z(n).
-6
Let t(b) = 4*b**2 - b + 1. Let c(z) = z**2 - 8*z + 8. Let p(h) = -h**2 + 7*h - 7. Let w(r) = 2*c(r) + 3*p(r). Let u be w(3). Calculate t(u).
4
Suppose 0 = -10*q + 5*q + 30. Let u(n) be the first derivative of n**3/3 - 3*n**2 + 7*n - 6. Give u(q).
7
Let t(r) = r**2 + 4*r - 8. Let m = 8 + -17. Let j be 20/(-15)*m/(-2). Determine t(j).
4
Let x(p) = -3*p - 2. Let h(z) be the first derivative of z**2/2 - 12*z + 5. Let o be h(9). What is x(o)?
7
Let r(c) = -c**3 - 3*c**2 + 2*c + 2. Let p be r(-3). Let v(z) = z**3 + 5*z**2 + 4*z - 2. Let u be v(p). Let w(q) = -2*q**2 - 1. What is w(u)?
-9
Suppose -3*u - 3 = -r - 4*u, 0 = -5*r + 2*u + 29. Suppose -b - 16 = 4*w, -2*w = 2*b + 2*b + 8. Suppose b*z = 5*z + r. Let j(s) = 3*s. What is j(z)?
-3
Suppose -4*u + 10 = u. Let w(f) = -5*f**u - f**3 - f + 15*f**2 + 3 - f**2 - 6*f**2. Determine w(3).
0
Let c(q) be the second derivative of 0 - 5/2*q**2 - 1/6*q**3 - 6*q. Calculate c(-4).
-1
Let b(a) = -a**3 - 7*a**2 - 4*a + 5. Let m = 30 + -36. Give b(m).
-7
Let n(a) = 5*a**3 - 35*a**2 + 14*a + 9. Let c(f) = f**3 - 7*f**2 + 3*f + 2. Let j(y) = 11*c(y) - 2*n(y)